Let j(v) = -1 + v**3 + 4 - 1 + w*v + 4 - 6*v**2. Calculate j(5).
-9
Let o(q) = 4 + 2*q - 10*q - 5. Let d(w) = 9*w + 2. Let t(x) = -4*d(x) - 5*o(x). Give t(2).
5
Let w(u) = -u**3 - 2*u**2 + 2*u - 3. Suppose -p = 3*p + 12. Determine w(p).
0
Suppose -c = -4*h + 9, -h + 27 = h - 5*c. Let k(i) be the third derivative of -11*i**6/120 - i**5/30 + i**4/12 - i**3/6 + i**2. What is k(h)?
-12
Let h = -21 - -36. Suppose 5*g = -5*o + h, 4*o + o + 10 = 0. Let u(j) be the second derivative of -j**4/12 + j**3 + j**2/2 + 2*j + 17. Determine u(g).
6
Let j(u) = -3*u + 1. Suppose 10 = -2*c + 4*c. Suppose -x = -t, -t = -c*t + x - 15. Let n = t + 7. Determine j(n).
-5
Let u(l) = -2*l**2 + 0*l**3 - 3*l**3 + 5*l**3 - 2*l. What is u(2)?
4
Let a(i) = 3*i**2 + 5*i + 3. Let k(t) = -7*t**2 - 11*t - 7. Let w(g) = 5*a(g) + 2*k(g). Suppose 15 = -3*y + 3*q, 3*q = -q + 12. Give w(y).
-1
Let z(i) = 9*i - 1. Let d(v) = -18*v + 2. Let m(n) = -4*d(n) - 7*z(n). Calculate m(1).
8
Let b(s) = 11*s + 13. Let j(g) = 1 - 11*g - 5*g - 20. Let t = -4 + 11. Let q(m) = t*b(m) + 5*j(m). Determine q(-3).
5
Suppose 0 = -u + 9 + 12. Suppose -u = -2*m + 5*x, -x + 1 + 11 = 5*m. Suppose -m - 3 = -2*r. Let f(s) = -s**3 + 3*s**2 + s + 1. Calculate f(r).
4
Let s(n) = -n**2 + n - 1. Let i(a) = 5*a**2 - a + 4. Let u(l) = i(l) + 6*s(l). Let o = -3 + 5. Let g = o - -1. Determine u(g).
4
Let l(s) = -s**3 - 4*s**2 + s. Let k be l(-4). Let t(p) = 4 + 9*p + p - 3*p**2 - 4*p + p**3 - 2*p**3. Give t(k).
-4
Let a = -3 + 3. Let d(m) be the first derivative of -m**6/120 + m**5/60 + 7*m**3/6 - m**2 + 1. Let s(v) be the second derivative of d(v). What is s(a)?
7
Let t be (1/(-4))/(5/(-20)). Suppose -3 = -3*j + 9. Let u(v) = -7*v**3 - v + j*v**3 + 2*v**2 + 1 - v**2. What is u(t)?
-2
Let q = -8 + 12. Suppose a - 2*a = q. Let i(c) = -c**2 - 3*c - 1. What is i(a)?
-5
Suppose 3*i - 21 = 4*i + 4*y, -2*y = 3*i + 23. Let k = i - -7. Let l(f) = -1 + f - f**k - f**3 + 2 - 3. What is l(0)?
-2
Let f(b) = -b**3 + 3*b**2 + 6*b - 9. Let x be f(4). Let n(p) = -3*p**2 + 1. What is n(x)?
-2
Let h(g) be the first derivative of -g**4/2 + g**3/3 + g**2/2 - g - 5. Let n(t) be the first derivative of h(t). Suppose -2*l + 4 = -6*l. Determine n(l).
-7
Let s(o) = -2*o + 1. Let b be s(3). Let z(q) = -2*q + 9. Let k be z(0). Let g(f) = -6*f + k*f + 2 - f. What is g(b)?
-8
Let u(l) be the first derivative of -7*l + 1 + 1/2*l**2. Let v be (10 + 0)*2/4. Determine u(v).
-2
Suppose y + 0 = 2. Let o(t) = -3 + 5 - 2*t**2 + t**3 + y*t - 2*t**3 - 3. Give o(1).
-2
Let l(q) be the second derivative of 3/2*q**2 - 2*q + 1/6*q**3 + 0. Let b = 13 + -17. Give l(b).
-1
Let z(x) = 5*x - 9 - 6*x**2 + 0 + x**3 - 2*x**3. Calculate z(-7).
5
Suppose -6*r + 2*r = 12. Let v(i) = -i**2 + 3*i + 2. Let u be v(3). Let m(a) = u*a + 2*a + 0*a - 5*a. Give m(r).
3
Let f(d) = d - 9. Let l(n) = -n + 10. Let g(a) = 3*f(a) + 2*l(a). Give g(5).
-2
Let r(h) be the second derivative of h**3/3 + 4*h**2 - 32*h. Determine r(-6).
-4
Suppose -3*n = -7*n - 4*j + 12, -4*n = -2*j + 6. Let z(i) = i - 10. Calculate z(n).
-10
Let k be -2 + (-2 - (3 + -5)). Let n = k - 1. Let o(l) be the second derivative of l**5/20 + l**4/3 + 2*l**3/3 + l**2/2 + l. Determine o(n).
-2
Let c(v) be the first derivative of v**2/2 - v - 2. Give c(5).
4
Let v(z) = z + 4. Let p be (2/3)/(2/57). Let m(d) = 2*d**2 - 2*d + 3. Let a be m(3). Suppose 0 = 4*u + l + p, 4*l + a = -l. Give v(u).
0
Let l(i) = -84 + i**2 - 2*i**2 + 85. Let b(k) = 7*k + 7. Suppose 2*d + 5*r = -12, 0 = -d + 5*r - 5 + 14. Let u(z) = d*l(z) + b(z). What is u(-5)?
-4
Suppose -6 = 4*n + 2. Let z be (n/(-4))/((-3)/6). Let f(o) = 3*o. Determine f(z).
-3
Let t(r) = -2*r**2 - 4*r + 1. Suppose 6 = g - 0*g - 3*d, 3*g = 3*d. What is t(g)?
-5
Let v(n) = 3*n - 1. Let b be v(2). Let p(o) = -16*o**2 + 14*o - 24. Let s(a) = -3*a**2 + 3*a - 5. Let g(q) = -2*p(q) + 11*s(q). Determine g(b).
-7
Let s be (-6 - -9)/((-9)/6). Let m(z) = -2*z**3 + z**2 + 2. Give m(s).
22
Let h = 1 + -7. Let s(l) = -l**3 - 7*l**2 - 6*l - 6. Let i be s(h). Let y(d) = d**2 + 6*d + 3. Give y(i).
3
Let p(g) be the first derivative of -g**2/2 + 12*g - 4. What is p(5)?
7
Let a(h) = -21*h + 20. Let o(f) = f - 1. Let j(b) = a(b) + 6*o(b). Let r(n) = -5*n + 5. Let u(y) = 3*j(y) - 8*r(y). What is u(-2)?
12
Let y(v) = -v**3 + 2*v**2 + 2*v - 2. Let k = 28 + -20. Suppose -2*a = 3*g - k*g + 1, -5*a = -g - 9. Calculate y(a).
2
Let w(j) = -2*j**2 - 4*j - 2. Suppose 4 = g + 6. Calculate w(g).
-2
Let y(f) = 4*f**2 - 9*f - 4. Let l = -25 + 20. Let w(n) = 5*n**2 - 10*n - 5. Let q(s) = l*w(s) + 6*y(s). Calculate q(-4).
1
Let s(a) = 2 + 0*a**3 - 4*a + 2*a**2 - a**3 + a**2. Let g(v) = v**2 - v - 4. Let f be g(3). Suppose -4*w + 13 = -5*i, -3*i = f*w + i. Determine s(w).
-2
Let f(d) = d**2 + 5*d - 1. Let q be f(-4). Let k(s) = -s**2 - 6*s - 3. Determine k(q).
2
Let l(a) = a - 2. Let y be l(5). Let x(w) = 6*w + 1 - 2 + 6*w**2 + w**3 + y - w**2. What is x(-4)?
-6
Let h be 12/(-3 - 1) - (-13)/4. Let o(u) be the first derivative of 7/3*u**3 - 6*u + 5/2*u**2 + h*u**4 + 3. Give o(-6).
0
Let z(b) = b - 3. Let m = 29 + -29. Determine z(m).
-3
Let o = -2 + -18. Let h(q) = -q - 4. Let g be h(-6). Let x be ((-16)/o)/(g/(-10)). Let w(s) = -s**2 - 5*s - 2. Calculate w(x).
2
Let a be 2*1*(-20)/(-8). Let j be (0 - 1)*0 - -2. Let o(z) = 0*z + 0*z + 7 - j*z. Determine o(a).
-3
Let b(i) = -4*i + 6 + 2*i - 3. Suppose 2 + 6 = 2*v. Calculate b(v).
-5
Suppose 6*i = 5*i + 8. Suppose 5*d = i*d - 9. Let s(m) = -m - 2. Calculate s(d).
-5
Let l(g) = -g**3 + 3*g - 2. Let m(n) = n**3 - 7*n**2 - 8*n + 2. Let d(z) = 2*z + 2. Let u be d(3). Let a be m(u). Suppose a*j - 4 = -0*j. Determine l(j).
-4
Let o(d) be the first derivative of -d**3 - d**2 - 11*d + 1. Let n(p) = -p**2 - p + 1. Let j(f) = -2*n(f) + o(f). Give j(0).
-13
Let l(x) = -4*x + 1 - 2 + 2*x. Give l(-3).
5
Suppose a - 5*b = -3*a - 1, 3*a - 4*b = -1. Let h(m) = -111*m**2 - 21. Let q(f) = 11*f**2 + 2. Let s(w) = -2*h(w) - 21*q(w). Calculate s(a).
-9
Let t = 3 + -5. Let q(k) = -2*k + 1. Determine q(t).
5
Let b(d) = d + 6*d - d + 3 - d**2. What is b(6)?
3
Let a(d) be the first derivative of d**3/3 - 5*d**2/2 - d + 1. Let o(i) = 8*i**2 - 9*i**2 + 4 + 1. Let z be o(0). What is a(z)?
-1
Let w = 2 - 2. Let c(o) = o**3 + o**2 + o + 5. What is c(w)?
5
Suppose 5*f - 18 = 3*i - 0, -1 = -2*f - 5*i. Let r(l) = -3*l + 6. Let d(g) = -4*g + 3 + 4*g - g. Let k(j) = -5*d(j) + 2*r(j). Calculate k(f).
-6
Let b(y) = y + 8. Let j(u) = -u**3 + 10*u**2 - 8*u - 5. Let g be j(9). Suppose -g*d = -3*x - 19 - 8, -x = 5. Suppose 0*p = -4*p, 0 = w + d*p. Give b(w).
8
Let w(o) = -3*o + 6. Let p(b) = -b**3 + 3*b**2 + 5*b + 1. Let c be p(4). What is w(c)?
-9
Suppose 4*m = m - 2*o + 56, 5*m - o = 76. Let p(d) = 4*d + 8 - 3*d - m. Let k be (4/(-16))/(2/(-40)). Determine p(k).
-3
Let b(f) = 3*f**2 + 2*f + 3. Let m(v) = v**2. Let i(k) = b(k) - 4*m(k). Give i(4).
-5
Let y(z) = -z**3 + 3*z**2 + 2*z + 2. Let t be (-5)/5*6/(-1). Let q = t + -3. Let i = 0 + q. Calculate y(i).
8
Let h(i) = -i + 6. Suppose -10 - 15 = -5*k. Determine h(k).
1
Let z(a) be the second derivative of 5/6*a**3 + 1/3*a**4 + a - 1/2*a**2 + 0 - 1/20*a**5. Give z(5).
-1
Let w(a) = -4*a**3 + 2*a**2 - a. Suppose -4*v - 25 = -5*z, 4*z + 2*v + 6 = -0*v. Give w(z).
-3
Let f be (2/(-96))/(17/(-34)). Let w(r) be the third derivative of r**2 + 0*r - r**3 + f*r**4 + 0. Calculate w(4).
-2
Let s(f) = -f**2 - 1. Let x = -93 + 95. Determine s(x).
-5
Let c(g) = -3 + 0 - g - 3. Suppose 17 = -5*q - 3*a - a, -q - 7 = -a. Give c(q).
-1
Let g = -10 + 7. Let i = g + -1. Let q(x) = -x**3 - 4*x**2 + 4. Give q(i).
4
Let q(m) = -4*m**2 + 8*m + 2. Let f(d) = -d**2 - d - 2. Let p(c) = 3*f(c) - q(c). What is p(12)?
4
Let b(r) = r + 1. Let y(h) = 1. Let w(u) = -b(u) + 2*y(u). What is w(-7)?
8
Let l(m) = m**2 + 5*m. Let g = 25 - 14. Suppose -2*p + p = -g. Suppose 2*x - u = -x - p, -4*x - 17 = u. Determine l(x).
-4
Let t(w) = w**2 - 2*w + 1. Let f be (-2 - 39/(-15))*5. Give t(f).
4
Let v be (-1 - 5)/(6/4). Let d = -2 - v. Let q = d + -1. Let p(i) = -10*i**2 + i. Determine p(q).
-9
Let l(q) = q**2 - 7*q + 1. Suppose -2*g + 20 = -3*k, 4*g - 5*k - 38 = -0*k. Give l(g).
1
Suppose 3*k + 2*n + 2 = 0, k + 7*n - 2*n + 18 = 0. Let r(z) = -8*z + 1 - 4 + 30*z**k - 31*z**2. Give r(-5).
12
L